ainder when 102 is divided by 22.
14
Calculate the remainder when 1492 is divided by 12.
4
Calculate the remainder when 2182 is divided by 23.
20
Calculate the remainder when 233 is divided by 79.
75
What is the remainder when 341 is divided by 87?
80
Calculate the remainder when 955 is divided by 102.
37
Calculate the remainder when 2062 is divided by 129.
127
What is the remainder when 21 is divided by 15?
6
What is the remainder when 2192 is divided by 20?
12
Calculate the remainder when 786 is divided by 194.
10
Calculate the remainder when 359 is divided by 334.
25
What is the remainder when 90 is divided by 51?
39
Calculate the remainder when 143 is divided by 16.
15
Calculate the remainder when 382 is divided by 247.
135
What is the remainder when 1607 is divided by 46?
43
What is the remainder when 222 is divided by 26?
14
Calculate the remainder when 138 is divided by 28.
26
What is the remainder when 270 is divided by 32?
14
What is the remainder when 3475 is divided by 87?
82
Calculate the remainder when 7169 is divided by 44.
41
Calculate the remainder when 114 is divided by 58.
56
Calculate the remainder when 167 is divided by 35.
27
Calculate the remainder when 5093 is divided by 847.
11
What is the remainder when 152 is divided by 45?
17
Calculate the remainder when 16907 is divided by 38.
35
What is the remainder when 163 is divided by 14?
9
Calculate the remainder when 148 is divided by 138.
10
What is the remainder when 284 is divided by 73?
65
What is the remainder when 568 is divided by 14?
8
Calculate the remainder when 281 is divided by 71.
68
What is the remainder when 469 is divided by 241?
228
Calculate the remainder when 344 is divided by 40.
24
Calculate the remainder when 89 is divided by 47.
42
What is the remainder when 33 is divided by 13?
7
What is the remainder when 344 is divided by 23?
22
What is the remainder when 77 is divided by 45?
32
Calculate the remainder when 311 is divided by 15.
11
Calculate the remainder when 56 is divided by 7.
0
What is the remainder when 103 is divided by 16?
7
Calculate the remainder when 464 is divided by 153.
5
What is the remainder when 197 is divided by 10?
7
What is the remainder when 194 is divided by 140?
54
What is the remainder when 2283 is divided by 387?
348
What is the remainder when 34 is divided by 23?
11
Calculate the remainder when 309 is divided by 64.
53
What is the remainder when 6001 is divided by 1198?
11
What is the remainder when 252 is divided by 15?
12
What is the remainder when 478 is divided by 15?
13
What is the remainder when 246 is divided by 86?
74
Calculate the remainder when 136 is divided by 52.
32
What is the remainder when 151 is divided by 34?
15
Calculate the remainder when 186 is divided by 88.
10
Calculate the remainder when 38 is divided by 13.
12
What is the remainder when 30 is divided by 4?
2
Calculate the remainder when 1291 is divided by 34.
33
Calculate the remainder when 545 is divided by 78.
77
Calculate the remainder when 323 is divided by 24.
11
What is the remainder when 88 is divided by 71?
17
Calculate the remainder when 182 is divided by 26.
0
What is the remainder when 1201 is divided by 67?
62
What is the remainder when 196 is divided by 48?
4
What is the remainder when 53 is divided by 4?
1
Calculate the remainder when 214 is divided by 5.
4
What is the remainder when 238 is divided by 112?
14
What is the remainder when 775 is divided by 252?
19
What is the remainder when 118 is divided by 36?
10
What is the remainder when 682 is divided by 99?
88
Calculate the remainder when 1452 is divided by 60.
12
Calculate the remainder when 160 is divided by 29.
15
Calculate the remainder when 114 is divided by 25.
14
Calculate the remainder when 134 is divided by 65.
4
Calculate the remainder when 446 is divided by 73.
8
What is the remainder when 2708 is divided by 208?
4
Calculate the remainder when 713 is divided by 245.
223
What is the remainder when 188 is divided by 18?
8
Calculate the remainder when 5416 is divided by 126.
124
What is the remainder when 238 is divided by 42?
28
Calculate the remainder when 46 is divided by 2.
0
Calculate the remainder when 261 is divided by 193.
68
What is the remainder when 1114 is divided by 124?
122
What is the remainder when 330 is divided by 172?
158
Calculate the remainder when 151 is divided by 8.
7
Calculate the remainder when 396 is divided by 102.
90
What is the remainder when 1038 is divided by 19?
12
What is the remainder when 878 is divided by 434?
10
What is the remainder when 42 is divided by 25?
17
What is the remainder when 22898 is divided by 37?
32
What is the remainder when 1336 is divided by 7?
6
What is the remainder when 544 is divided by 7?
5
What is the remainder when 633 is divided by 27?
12
What is the remainder when 22 is divided by 8?
6
Calculate the remainder when 145 is divided by 76.
69
What is the remainder when 24 is divided by 5?
4
What is the remainder when 64 is divided by 38?
26
Calculate the remainder when 305 is divided by 63.
53
Calculate the remainder when 861 is divided by 109.
98
Calculate the remainder when 769 is divided by 27.
13
What is the remainder when 9319 is divided by 30?
19
What is the remainder when 44 is divided by 16?
12
Calculate the remainder when 228 is divided by 30.
18
Calculate the remainder when 633 is divided by 13.
9
What is the remainder when 169 is divided by 10?
9
Calculate the remainder when 712 is divided by 338.
36
Calculate the remainder when 128 is divided by 59.
10
What is the remainder when 107 is divided by 34?
5
Calculate the remainder when 348 is divided by 139.
70
What is the remainder when 53 is divided by 19?
15
Calculate the remainder when 165 is divided by 73.
19
Calculate the remainder when 4987 is divided by 10.
7
What is the remainder when 294 is divided by 23?
18
What is the remainder when 114 is divided by 68?
46
What is the remainder when 302 is divided by 18?
14
Calculate the remainder when 249 is divided by 27.
6
Calculate the remainder when 839 is divided by 40.
39
What is the remainder when 123 is divided by 17?
4
Calculate the remainder when 283 is divided by 19.
17
Calculate the remainder when 959 is divided by 12.
11
Calculate the remainder when 1380 is divided by 140.
120
Calculate the remainder when 294 is divided by 102.
90
What is the remainder when 739 is divided by 13?
11
What is the remainder when 83 is divided by 28?
27
Calculate the remainder when 269 is divided by 249.
20
What is the remainder when 110 is divided by 38?
34
Calculate the remainder when 148 is divided by 49.
1
What is the remainder when 500 is divided by 46?
40
Calculate the remainder when 105 is divided by 80.
25
Calculate the remainder when 449 is divided by 25.
24
Calculate the remainder when 3667 is divided by 915.
7
Calculate the remainder when 4611 is divided by 192.
3
Calculate the remainder when 5710 is divided by 127.
122
What is the remainder when 633 is divided by 152?
25
What is the remainder when 472 is divided by 28?
24
What is the remainder when 2784 is divided by 397?
5
What is the remainder when 56 is divided by 46?
10
What is the remainder when 265 is divided by 42?
13
Calculate the remainder when 302 is divided by 73.
10
Calculate the remainder when 95 is divided by 41.
13
What is the remainder when 140 is divided by 24?
20
Calculate the remainder when 467 is divided by 118.
113
What is the remainder when 2312 is divided by 178?
176
What is the remainder when 472 is divided by 17?
13
What is the remainder when 1157 is divided by 379?
20
What is the remainder when 26351 is divided by 12?
11
What is the remainder when 603 is divided by 201?
0
Calculate the remainder when 321 is divided by 147.
27
Calculate the remainder when 58 is divided by 10.
8
Calculate the remainder when 867 is divided by 129.
93
What is the remainder when 3038 is divided by 87?
80
Calculate the remainder when 3454 is divided by 91.
87
Calculate the remainder when 157 is divided by 5.
2
Calculate the remainder when 1379 is divided by 60.
59
What is the remainder when 214 is divided by 26?
6
What is the remainder when 109 is divided by 24?
13
What is the remainder when 282 is divided by 140?
2
What is the remainder when 248 is 